and h?
13
Let n(v) = v**2 + 2. Let o be n(2). What is the highest common factor of 6 and o?
6
Let j be (4 + -2)*-1*2/(-4). Calculate the greatest common divisor of 1 and j.
1
Suppose 2*v + m = 45, -5*v - 5*m + 13 = -112. What is the highest common divisor of 40 and v?
20
Let d = -3 - -8. Calculate the highest common divisor of d and 55.
5
Let y(t) = 2*t**2 + 2*t - 1. Let b be y(-3). Suppose 0 = 2*l - b - 7. Calculate the greatest common factor of 1 and l.
1
Let a = -19 - -21. Calculate the highest common factor of 12 and a.
2
Let o(m) = -15*m**3 - 2*m**2 + 3*m - 3. Let h be o(2). Let g = -77 - h. Calculate the greatest common divisor of 12 and g.
12
Let n(b) = -b - 5. Let l be n(-7). Let r(x) = 3*x - 5 - 8*x - 4 + x**l. Let m be r(8). What is the highest common divisor of 10 and m?
5
Let q = -105 - -162. Calculate the highest common factor of q and 19.
19
Let c(z) = -z**3 + 13*z**2 - 11*z + 13. Let u be c(12). What is the greatest common divisor of 50 and u?
25
Suppose 6 = -2*j, -4*d - 2*j - 4 = 6. Let s(w) = -13*w**3 - w**2 + w + 1. Let b be s(d). Calculate the highest common divisor of 3 and b.
3
Let q = 69 + -32. Let b = q + -21. Suppose -12 = 4*s - 4*g - 0*g, -2*s + 4*g = b. Calculate the greatest common factor of 5 and s.
1
Let t be 9 - 12 - (0 - 3). Suppose 5*m - 82 - 48 = t. What is the greatest common divisor of 260 and m?
26
Let t(r) = r**2 - 13*r + 22. Let i be t(14). Calculate the highest common factor of 45 and i.
9
Suppose 0 = -3*i - w + 52, 0 = i - 2*i + w + 16. Let r be -5*(-51)/(-30)*-4. What is the highest common factor of i and r?
17
Let a be (-6)/(-6) - (-2 - 70). Let v = a - 37. Calculate the highest common factor of 9 and v.
9
Suppose -2 - 34 = -6*h. Calculate the greatest common divisor of 3 and h.
3
Let t be -7 + 79/7 + 2/(-7). Calculate the greatest common divisor of 64 and t.
4
Suppose 3*b + 0 = 5*c - 12, -8 = -4*c + 4*b. Suppose -p - 4*a - 34 = p, -a = -c. Let x = 33 + p. Calculate the highest common divisor of x and 90.
10
Let o be 55 + 0 + (2 - 1). Let g(d) = -2*d + 10. Let w be g(4). Suppose -w*t = 5*q - 76, 65 = 3*q + q + 3*t. What is the greatest common divisor of o and q?
14
Suppose 4*d = a, 5*d - a = -4*a. Let u = d - -2. Suppose c - u*c + 4 = 0. Calculate the highest common divisor of 20 and c.
4
Suppose -2*s = 4*o - 28, -o + s = o - 6. Suppose 0*n - 136 = -2*b + 3*n, -b = -o*n - 68. Calculate the greatest common divisor of b and 17.
17
Let b(c) = 135*c**3 + 2*c**2 - 2*c. Let g be b(1). What is the highest common factor of g and 15?
15
Suppose 53 = -x + 3*x - 3*v, -2*x + 5*v + 47 = 0. Let c = 62 - -186. Calculate the greatest common divisor of x and c.
31
Suppose -3*b + s + 254 = -3*s, 224 = 3*b + 2*s. What is the highest common factor of b and 6?
6
Let v(g) be the first derivative of -g**4/4 - g**3 + g**2/2 - 5*g + 3. Let s be v(-4). Let z = 1 - 0. Calculate the highest common divisor of z and s.
1
Suppose 4*c - 32 = -d - 2*d, 4*c = 3*d - 16. Calculate the greatest common factor of 40 and d.
8
Let t = 21 - 15. Suppose 2*y + 12 = g, -g + 23 - t = -y. What is the highest common divisor of 198 and g?
22
Suppose 7*w - 304 = 11. Suppose 22 = 4*j + 2. Calculate the greatest common divisor of w and j.
5
Let v = 13 - 19. Suppose 0 = 5*n + 2*y - 108, 2*n - 35 = -5*y + 4. Let l = n + v. Calculate the greatest common divisor of 144 and l.
16
Let l be 0/(-3) + (173 - 0). Suppose -4*k - l + 877 = 0. Let v(p) = -p**3 + 5*p**2 + 17*p - 50. Let a be v(6). Calculate the highest common divisor of a and k.
16
Let y(c) = -2*c**3 - 4*c**2 + 6*c + 16. Let u be y(-4). Let a be (-2)/5*(-5)/1. Let k be (0/a - 7)*-1. Calculate the highest common factor of u and k.
7
Let j be 1/(656/220 - 3)*-2. Calculate the greatest common factor of 20 and j.
10
Suppose o = 5*o + 20. Let b = o + 35. Calculate the greatest common factor of b and 75.
15
Let f = 26 + -3. Calculate the greatest common divisor of 115 and f.
23
Let m be 10*(16/10)/(-4). Let u be 84/m*60/(-9). What is the greatest common factor of 20 and u?
20
Let l = -5 - -3. Let c = l + 0. Let h(q) = -2*q + 2. Let p be h(c). Calculate the greatest common divisor of p and 15.
3
Let a = -4 - -4. Suppose -x + 15 = -a*x. Let c = 18 + -12. Calculate the greatest common factor of c and x.
3
Suppose b - 354 = -4*q - 0*b, 2*b + 172 = 2*q. Suppose -w - w = -22. What is the greatest common factor of q and w?
11
Suppose 0*s = 2*s + 6, 2*s = n - 12. Let c(j) = 11*j + 6. Let l be c(n). What is the greatest common factor of l and 9?
9
Let q(a) = -a**3 + 4*a + 5. Let b be q(-3). Calculate the greatest common divisor of 70 and b.
10
Let v = 21 + -13. Suppose -25 = -2*g + 3*u, v*g - 20 = 3*g - u. Let a = 120 - 110. Calculate the highest common factor of g and a.
5
Let h(l) = -3*l**2 + 3*l**2 - l**3 + 2 - 6*l + 7*l**2. Let u be h(6). Suppose -u*o = -o - 24. Calculate the greatest common factor of 8 and o.
8
Let u = -10 + 13. Calculate the highest common factor of 30 and u.
3
Let t = -27 + 62. What is the greatest common divisor of t and 5?
5
Let x = 9 - 5. Let n(l) = 3*l - 1. Let v be n(2). Suppose x*z - 48 = 5*p, v*z - p = 2*z + 36. Calculate the highest common factor of z and 96.
12
Suppose -3*p + 0*p = -96. Suppose 3*k = 3*h + 18, -2*k - 2*h + p = -0*k. What is the highest common divisor of k and 33?
11
Let o be 14 + (-2)/(-4)*2. Suppose 3*l - 26 - 4 = 0. Calculate the highest common factor of l and o.
5
Let j = 59 - 57. Calculate the greatest common divisor of j and 8.
2
Let t be (-200)/(-14) - (-12)/(-42). Calculate the greatest common factor of t and 126.
14
Suppose 2 = 2*o + 4. Let u be 25 - (0 + (o - 2)). What is the greatest common factor of u and 7?
7
Let q be (-1353)/(-22) + 6/(-4). What is the greatest common factor of 12 and q?
12
Let n be (-2 + 0)/((-1)/2). Suppose n*b - 2*l - 43 = l, 2*b - 25 = 5*l. What is the greatest common factor of 50 and b?
10
Let t be (-1)/3 - (-122)/6. Suppose -2*y + 4*y = t. Calculate the greatest common divisor of y and 15.
5
Let q = -5 - -9. Suppose 3*p + 96 + 70 = q*a, 2*p - 116 = -3*a. Calculate the greatest common divisor of 16 and a.
8
Let z = 31 - -5. Calculate the greatest common factor of 108 and z.
36
Let f = -16 + 24. Suppose n + 4*j = 6*n - 178, -j = -3. Let h be 2/(n/(-20) + 2). What is the highest common divisor of f and h?
4
Suppose k = 4*u + 24, 3*u + 19 = k - 0*k. Suppose -3*n + 5 = -13. Calculate the highest common divisor of k and n.
2
Let z(c) = 8*c - 1. Let b be z(5). Suppose -111 = -4*j - 15. Suppose 80 + j = 4*i. What is the greatest common factor of i and b?
13
Let z be (-6 + 5)/((-2)/20). Suppose 3*x - 158 = 4*k, 2*x - 3*x + 2*k + 54 = 0. Calculate the highest common divisor of x and z.
10
Suppose 382 = 4*f + 30. Calculate the highest common divisor of 132 and f.
44
Let d(q) = 7*q**3 + 4. Let p(o) = -7*o**3 - 3. Let a(u) = 2*d(u) + 3*p(u). Let r be a(-2). What is the highest common factor of 5 and r?
5
Suppose 49*n = 45*n + 108. What is the greatest common divisor of n and 3?
3
Suppose -3 = 2*k - 21. Let q = 28 - k. What is the highest common factor of 152 and q?
19
Let n be (-192)/(-6) - 16/(-4). What is the greatest common divisor of n and 6?
6
Let f(a) = 8*a**3 + 2*a**2 + a - 2. Let y be f(2). Calculate the highest common divisor of 18 and y.
18
Let h(o) = o**2 - o + 70. Let t be h(0). Suppose 4*q - 42 = v, -3*v + 8 = -2*q + 34. Calculate the highest common factor of q and t.
10
Suppose -2*d - 121 = -5*z, z + z = 3*d + 44. Suppose 4*r = -r + z. Calculate the greatest common divisor of 10 and r.
5
Suppose 0 = 3*o - 55 - 107. Calculate the highest common divisor of o and 36.
18
Let z(w) = -15*w + 10. Let t be z(-1). Calculate the greatest common divisor of 175 and t.
25
Suppose 1 = -4*i + 121. Let d(r) = -34*r**3 - r**2 - r + 1. Let n be d(1). Let b = -23 - n. Calculate the highest common divisor of b and i.
6
Let g(z) = -30*z - 6. Let b(j) = -6*j - 1. Let i(p) = -11*b(p) + 2*g(p). Let y be i(1). Let v = y - 0. Calculate the greatest common factor of v and 35.
5
Suppose -439 = -4*r + 161. What is the greatest common factor of r and 30?
30
Let j = 18 + -12. Let y(x) = 2*x + 7. Let a be y(7). Let k be -11*4*a/(-14). Calculate the highest common divisor of j and k.
6
Suppose -3*q + 15 = 5*j + 2*q, q = -5*j + 23. Let a be (2/3)/(2/39). Sup